1530 = -j*x. What are the prime factors of v?
2, 281
Let l(d) = -d**3 + 10*d**2 - 11*d - 9. Let o be l(7). Let p = o - -595. List the prime factors of p.
2, 41
Let a be (-18065)/75 - 10/75. Let c = a + 491. What are the prime factors of c?
2, 5
Suppose v = -4*k + 16 - 4, 5*k = -3*v + 15. Suppose -7*f + 2960 = k*f. Suppose 5*a - 530 = -4*r, -3*a - r + f = -3*r. What are the prime factors of a?
2, 3, 17
Suppose 2*g = -5*j + 5, 3*g = -0*g - 2*j + 35. Suppose g = -5*l, -u + 3*l = 4*u - 1194. List the prime factors of u.
3, 79
Suppose -2*i - 3098 = -2*f, -840 = i + 3*f + 693. Let k = i - -2856. List the prime factors of k.
3, 19, 23
Suppose 0 = -4*u + 8*g + 37404, -46219 + 8780 = -4*u + g. List the prime factors of u.
11, 23, 37
Let s(q) = -q**2 - 9*q + 10. Let j be s(-9). Suppose 0 = -j*a + 8*a + 224. Suppose -2*n + a = -8. List the prime factors of n.
2, 3, 5
Suppose x + 0*x = 9*v - 4135, -930 = -2*v - 2*x. List the prime factors of v.
2, 5, 23
Let w = -449 + 459. What are the prime factors of 851/w - (-40)/(-400)?
5, 17
Suppose 13*x = 5*x - 96. Let y be (x/10)/(28/(-3010)). Let v = y - -82. List the prime factors of v.
211
Let c(z) = -2*z - 4. Let w be c(-3). Let o(j) = -2*j - w*j - 2*j**3 + 8 + j**3 - 6*j**2. What are the prime factors of o(-7)?
5, 17
Suppose 0 = 3*w - 2*l - 2, -w - 4*l + 2*l + 14 = 0. Suppose -w*f + f = -201. Let y = 117 - f. List the prime factors of y.
2, 5
Let n be 2/(-4)*(15 - 25). Suppose 4*t - 11 = n. List the prime factors of (-45)/(-40)*t/6*116.
3, 29
Let n(l) = -475*l - 2166. List the prime factors of n(-40).
2, 19, 443
Let o(c) = 6*c**2 - 29*c + 217. What are the prime factors of o(-25)?
2, 3, 17, 23
What are the prime factors of 5/(((-1330)/(-24164))/19)?
2, 863
List the prime factors of 2/5*(33880/32)/(-7)*-108.
2, 3, 11
Let n(x) = x**2 + 9*x + 14. Let a be n(-7). Suppose -19*c + 6096 + 2321 = a. List the prime factors of c.
443
Let d(u) = 5*u**2 + 8*u - 104. What are the prime factors of d(-9)?
229
Suppose -40*a - 3*a + 336094 = -21*a. List the prime factors of a.
15277
Let u = -79 + 81. Let d be (u*6)/((-2)/(-108)*3). Suppose 2*n + 2*n - d = 0. What are the prime factors of n?
2, 3
Suppose 5*h + 40782 = 4*u, -5*u + 75*h = 80*h - 50910. List the prime factors of u.
2, 3, 283
What are the prime factors of 1/((-51)/(-365358)) + ((-12)/34)/(-3)?
2, 3, 199
Let a = 41928 - -737. What are the prime factors of a?
5, 7, 23, 53
Suppose 100 = -6*y + 2*y. Let t be (-2)/(-4)*(5 - y). Let s = t + 40. What are the prime factors of s?
5, 11
Let o = -25018 + 57904. List the prime factors of o.
2, 3, 7, 29
What are the prime factors of (2 - (-13)/(-6)) + 767094/36?
2, 7, 761
Suppose -4*u + 35292 = 567*l - 565*l, -3*l = -u + 8809. List the prime factors of u.
8821
Let d be (-8 - 6) + 4*2. Let c(t) = 13*t**2 - 39*t - 11. List the prime factors of c(d).
691
List the prime factors of (-5058)/(-27)*(-1071)/(-42).
17, 281
Suppose -3*j + 35 + 13 = 4*l, -4*l + 2*j = -48. Let k(n) = -n - 29. Let p be k(l). Let o = p + 43. What are the prime factors of o?
2
Let s = -44781 + 62747. List the prime factors of s.
2, 13, 691
Suppose -1114 - 2152 = -i - 4*b, -5*i + 16405 = -5*b. List the prime factors of i*((-6)/(-2) - (-60)/(-24)).
11, 149
Let g(i) = i**2 + 5*i - 19. Let s be g(3). Let p be (4/(-6))/(s/3 - 1). List the prime factors of p/2 + 251/2.
5
Suppose -279*r = -281*r + 1720. Suppose -r = -6*k + 1222. List the prime factors of k.
347
Let p be -1114*(-65)/39*(-3)/10. Let x = p - -1021. List the prime factors of x.
2, 29
Let i(u) = -u**2 + 7*u + 710. Let v = -161 + 161. List the prime factors of i(v).
2, 5, 71
Let n(r) = -r**2 - 14*r + 2. Let m be n(-11). Suppose h + m = -75. Let y = -37 - h. What are the prime factors of y?
73
Suppose -6*a + 4*a = -12*a + 506820. What are the prime factors of a?
2, 3, 8447
Suppose -4*i + 9*i + 2*w - 992 = 0, -3*w = 5*i - 993. Suppose 5*z - u - 330 = 0, -2*z + 5*z = -5*u + i. Let n = 118 - z. What are the prime factors of n?
2, 13
List the prime factors of (-3814)/(-52)*116 + 60/(-390).
2, 3, 709
Suppose f = 2*u - 1016, 2*u - 1028 = -0*u - 5*f. Let w = u + -210. List the prime factors of w.
13, 23
What are the prime factors of 365/2*(-2368)/240*18/(-4)?
3, 37, 73
Suppose 37*l - 46*l - 9 = 0. What are the prime factors of (-10 - -16) + (-317)/l?
17, 19
Let o(s) = -539*s - 2828. What are the prime factors of o(-32)?
2, 5, 7, 103
Let w(b) be the first derivative of -54*b**2 - 124*b - 46. List the prime factors of w(-5).
2, 13
Let a(c) = 3351*c**2 + 159*c - 315. What are the prime factors of a(2)?
3, 41, 109
Suppose -3*n + 2*z = -57, 10*z = 11*z. Let b be n/(-1 - (-1 + 4/(-68))). Suppose 2*m = b - 35. List the prime factors of m.
2, 3
Let b = 34984 + -22183. List the prime factors of b.
3, 17, 251
Suppose 238*o - 6847764 = 84*o. What are the prime factors of o?
2, 3, 7411
Suppose 0*y - 3*y + 6 = 0. What are the prime factors of 195 - (y/(-5) + 56/40)?
2, 97
Let h be (53*-2 + -1)*-2. Let o = h + -149. List the prime factors of o/4 - 1/4.
2
Suppose -b = 2*n - 17704, -17*b - 3*n - 35422 = -19*b. List the prime factors of b.
2, 19, 233
Suppose 6*m - 3*m - 16 = 4*a, 5*m + a = -4. Suppose 0 = 5*c - 0*c - 2*j + 14, 4*c + j + 6 = m. List the prime factors of (-3534)/(-36) - c/(-13 - -1).
2, 7
Let q = 23784 + -15647. List the prime factors of q.
79, 103
Suppose 0 = h + 222 - 95. Let s = 584 - h. List the prime factors of s.
3, 79
Suppose -5*v = 11*g - 8*g - 61, 4 = 2*g. Suppose 9*h + 3*j + 1894 = v*h, 2*h + j - 1902 = 0. List the prime factors of h.
2, 5, 19
What are the prime factors of ((-1199033)/(-55) - -8) + (-7)/(70/(-4))?
113, 193
Let x = -686 - -686. Suppose -2*s = 4*n - 3666, x = -n - 4. List the prime factors of s.
7, 263
Let x(f) = f**3 + 7*f**2 + 5*f + 2. Let o be x(-5). Suppose o = s - 3*s - 3*y, s = -3*y - 9. List the prime factors of (s - -16)*(-6)/4.
3
Let k be 20*(196/(-90) - (-12)/(-54)). List the prime factors of ((-1216)/k)/((-112)/(-54) + -2).
2, 3, 19
Let o = 7 + -5. Suppose 5*g = 5*b + 5, -g - o*b = g - 18. List the prime factors of 7*g/10*32.
2, 7
Suppose -14*j - 495 = -23*j. Suppose f = j - 44. List the prime factors of f.
11
Let f(z) = 4*z - 56. Let t be f(15). Suppose a - 6*o - 4 = -t*o, -a - 3*o = 16. List the prime factors of (a + 398/4)*2.
191
Suppose -5*m + 31083 = l - 41359, -72430 = -5*m + 5*l. List the prime factors of m.
2, 1811
Suppose 4*z - 2*n - 129710 = 0, 4*n - 97321 = 99*z - 102*z. What are the prime factors of z?
7, 41, 113
Let i(s) = -7*s**2 + 19 + 6*s**2 - 13*s + 0*s**2 + 17. What are the prime factors of i(-9)?
2, 3
Let g(b) = -3*b - 46. Let w be g(18). Let k = -95 - w. Suppose 0 = -k*l + r + 1020, 5*l - 1010 = -0*l - r. List the prime factors of l.
7, 29
Let d be ((-5395)/3 - 0) + (-15)/9. List the prime factors of (1 + 4)/(-4*6/d).
3, 5
Let j(w) = 429*w**2 - 9*w - 18. List the prime factors of j(3).
2, 3, 53
Let g(z) = 115*z + 153. Let x be g(13). Let r = x - 983. What are the prime factors of r?
5, 7, 19
Suppose 349*s + 5213 = 350*s - 4*t, s - 3*t - 5219 = 0. What are the prime factors of s?
5237
Let l(d) = d**3 + 6*d**2 + 5*d - 15. Let a(g) = -6*g + 65. Let h be a(10). List the prime factors of l(h).
3, 5, 19
Suppose -473*o = -490*o + 120751. What are the prime factors of o?
7103
Let g(q) = -q**2 - 5*q - 4. Let p be g(-4). Let l(o) = -2*o**2 + 5*o + 339. What are the prime factors of l(p)?
3, 113
Let c = -17278 - -30716. List the prime factors of c.
2, 6719
Let a = -16 - -21. Suppose -297 = 3*f + 4*z, -a*f + 2*z - 30 - 439 = 0. Let y = f - -153. What are the prime factors of y?
2, 29
Let s = 72 + -133. Let q = s + 65. Suppose 0 = -3*u - 2*b + 84 + 146, q*u + 4*b = 304. What are the prime factors of u?
2, 3, 13
Suppose 6*z - z = -u + 2525, 2525 = 5*z - 5*u. Suppose -3*d + 2011 = -3*v + z, 4*d - 2*v - 2008 = 0. List the prime factors of d.
2, 251
Let o(i) = -3*i**3 + 13*i**2 - 6*i - 5. Let v be o(5). Let n = v - -86. Suppose -4*a + 299 = 3*y + n, -a = -3*y - 67. List the prime factors of a.
73
Let o(n) = -160*n**2 - 18*n + 323*n**2 + 48 - 160*n**2. What are the prime factors of o(-10)?
2, 3, 11
Suppose 48 + 18 = 11*b. Suppose 3*u - 1805 = -q, 0*u - 2*u = -q - 1200. Suppose 533 + u = b*h. List the prime factors of h.
3, 7
Suppose -20*w = -4*w + 112. What are the prime fa